z**5/12 - z**4/8 + z**3/3 + z**2 + 3*z. Calculate a(d).
16
Let b(k) = -k**3 + 5*k**2 + 2*k + 5. Suppose -4 = -c - 17. Let v = 13 + c. Suppose -1 = x + 2*y, 0 = -x - y - v + 2. Calculate b(x).
15
Let h(j) be the first derivative of -3/2*j**2 - j - 1/4*j**4 + 7 - 5/3*j**3. Give h(-4).
-5
Let n(u) = 18 - 16*u**2 - 13 + u + 17*u**2 + 8*u. Give n(-9).
5
Let r(k) = -7 - 18*k + 35*k + k**2 - 4 - 27*k - 1. Give r(9).
-21
Let t(f) = -f**2 - f. Let d = 364 + -368. Give t(d).
-12
Suppose -2*x + 140 = -5*r - 3*x, -3*r + 5*x = 84. Let t = r + 30. Let j(q) = -29 + 14 - q**t + 11 + 4*q. Calculate j(3).
-1
Let w(z) = z**2 - 2*z - 5. Let c be (1/(-6))/(2/(-12)). Let l(s) = 1. Let i(j) = c*w(j) + 4*l(j). Give i(2).
-1
Let c(h) be the first derivative of -h**3/3 - 5*h**2 - 9*h + 832. Determine c(-9).
0
Suppose -k = 2*k - 2*c + 19, -c = -k - 6. Let q(f) = -f**2 + 10*f - 2. Let o be q(10). Let m = k - o. Let h(t) = -t**3 - 6*t**2 - 4*t + 2. What is h(m)?
-3
Let w(q) = -2*q + 6. Suppose -2*t + 2 = -8. Let b be (-24)/4 + t - -6. Calculate w(b).
-4
Let l(i) = i + 11. Suppose -3*p + 2*r = 2*p + 35, -r - 5 = 0. What is l(p)?
2
Let o(k) be the first derivative of -k**4/4 - 4*k**3/3 + k**2/2 + 4*k + 9. Determine o(-5).
24
Let n = -78 + 82. Suppose -21 = -n*q + 7. Let v(w) = w - 6. What is v(q)?
1
Let t be -2*((-84)/(-8))/(-3). Let h(k) = k**2 + 5*k + 5. Let i be h(-4). Suppose -2*c = i + t. Let m(p) = -p**2 - p + 2. Calculate m(c).
-10
Let z(g) be the first derivative of g**2 + 12*g - 363. Calculate z(-6).
0
Let n(g) be the third derivative of -g**4/6 - 3*g**3 - 900*g**2 - 2. Give n(-5).
2
Let n(g) be the second derivative of -g**3/6 - 3*g**2 + 7*g. Determine n(13).
-19
Let k(u) = -3*u + 10. Let o be 6/10 + (11 - 420/75). Determine k(o).
-8
Let d(h) = -2*h - 10. Let n be d(-6). Suppose -3*j - n*j = 0. Suppose -5*y + 0*y + 15 = j. Let f(t) = t**2 - 4*t + 3. Calculate f(y).
0
Let k(g) = 5*g**2 - g - 9. Let t(u) = -u**2 + u**2 + 1 - 2*u**2 + u**2. Let v(o) = k(o) + 4*t(o). Let y be (-1)/(-4) + 15/4. Give v(y).
7
Let y(m) = -2 + 3 + 13534*m - 13489*m. Determine y(1).
46
Let v(g) be the second derivative of -g**3/6 - 4*g**2 + g. Suppose 2*p - 3*u - 3 = 0, -u - 2*u - 15 = 0. Calculate v(p).
-2
Let q(l) be the first derivative of -l**3/3 + 5*l**2/2 + 4*l - 434. Determine q(6).
-2
Suppose -4*w - 5*s - 12 = 0, 3*s + 37 = 4*w + 17. Let t(d) = 4*d**2 - d. Let r be t(1). Suppose -r*f - w = -2*f. Let m(v) = -3*v**2 + v. Calculate m(f).
-14
Let v(r) = r**3 + 5*r**2 - 3*r + 1. Let w(j) = 3*j**2 + 12*j - 5. Let a be w(-4). Give v(a).
16
Suppose -5*h = -5*l + 25, -5*l + 2*h = 6*h - 43. Let d(p) = l + 11*p + 20*p - 47*p + 18*p. Determine d(-6).
-5
Let n(m) = -6*m**2 - m. Let w(u) = u**3 - 3*u**2 - 2*u + 2. Let p be w(3). Suppose -3 = 5*x + 2. Let o be ((-2)/p)/(x/(-2)). Determine n(o).
-7
Let p(h) = -h**2 - 4*h + 3*h + 3*h. Let z(c) be the first derivative of 2*c**3/3 + 11*c**2/2 + 6*c + 16. Let g be z(-5). Give p(g).
1
Let n(k) = -k**3 + k**2 - 1. Let a(r) = 7*r**3 + 5*r**2 + 7*r + 2. Let i(w) = a(w) + 6*n(w). What is i(-10)?
26
Let m(l) = 2*l**2 + 1. Let h(n) = -n**2 + n - 1. Let p(d) = -3*h(d) - m(d). Let r = -12 + -8. Let v be (-12)/r + (-17)/(-5). What is p(v)?
6
Let z(u) = -504 + 508 - 3*u + 3*u - 4*u. Give z(6).
-20
Let o(i) = i**3 + 7*i**2 - 6*i + 7. Let v = -358 - -350. Calculate o(v).
-9
Let q(y) be the second derivative of -y**3/6 - y**2/2 - 3*y. Let i = 3 + -5. Let g(z) = -2*z**2 + 6*z - 1. Let l(k) = i*q(k) - g(k). Calculate l(2).
3
Suppose 5*p + 2*g + 2 = 0, 0 = -g - 2 + 1. Let j(q) = 2*q + 6. Give j(p).
6
Let l(u) be the second derivative of -u**5/20 - u**4/12 - u**3/3 - u. Suppose 5*z + 15 = 5*f, -4*z - f - 30 = 4*f. Let t be -4 + (1 - z) + -4. Determine l(t).
8
Let w(n) = 64*n - 26. Let l(u) = 12*u - 1. Let b(q) = -5*l(q) + w(q). Calculate b(9).
15
Let g(z) = -15*z**2 + 15*z + 9. Let h(i) = -11*i**2 + 15*i + 10. Let u(m) = 3*g(m) - 4*h(m). Determine u(-12).
23
Suppose -22*y + 69 = -19. Let p(b) = -2*b**2 + 9*b - 9. What is p(y)?
-5
Let t be -3*-3*66/27. Let a = 47 - 70. Let v = t + a. Let n(q) = -5*q**2 + 2*q + 1. Calculate n(v).
-6
Let r(a) = 2*a + 11. Let j be 4 - -4*3/3. Suppose 4*q - j = 5*q. Calculate r(q).
-5
Let h(d) = -d**3 + 6*d**2 - 2*d - 4. Let w(f) = 2*f**3 - 12*f**2 + 3*f + 9. Let i(j) = -9*h(j) - 4*w(j). What is i(4)?
-8
Suppose 5*s - 10 = -4*i + i, -s = -5*i + 26. Suppose 4*f + 2*t = -16, -f + 3*f - i*t = 16. Let m(d) = -2*d - 1. Calculate m(f).
3
Let o = -17 + 20. Suppose -o*w - 2*j = -4*w - 10, 0 = -3*w + 5*j - 28. Let v(m) = m + 1. Give v(w).
-5
Let d(m) = m**2 + 3*m - 3. Suppose -f + 2*o + 8 = f, -5*o - 20 = -3*f. What is d(f)?
-3
Suppose 7*l - 10*l = 5*q + 14, 2*l - 4*q = 20. Suppose 2*t - 7*t = 2*x, l*t = -4. Let a(o) = o**3 - 6*o**2 + 5*o + 3. Determine a(x).
3
Let x(i) be the third derivative of -i**5/60 - 7*i**4/24 - 4*i**3/3 - 2*i**2. Let u be 0*3/(3 - 0). Suppose u*s = s + 6. Calculate x(s).
-2
Suppose 594*t - 599*t = 15. Let p(o) = o**3 + 3*o**2 - o - 5. Calculate p(t).
-2
Let g(s) = -s**2 + s - 1. Suppose -4*a + a = -6. Suppose 4*q + a*q = 0. Let u(f) = f**3 - f**2 - f + 2. Let d be u(q). Calculate g(d).
-3
Let b(h) = -5 - 11*h - 14*h - 17*h + 49*h. What is b(4)?
23
Let h(k) = -3*k - 2*k - 1 + 2*k**2 + k. Let x(c) = 120*c + 843. Let s be x(-7). Determine h(s).
5
Let c(d) = d**3 + 3*d**2 - 5*d - 1. Let n be c(-4). Let x(k) = -4*k**3 + 4*k + 2*k**2 + n + 2*k**3 + 3*k**3. Give x(-2).
-5
Let u(a) be the second derivative of a**3/6 - 19*a**2/2 - 16*a. What is u(15)?
-4
Let w(c) be the second derivative of -c**6/120 - c**5/60 + c**4/12 - 7*c**2/2 + 22*c. Let k(h) be the first derivative of w(h). What is k(-3)?
12
Suppose -2*i = i. Suppose 3 = 3*m - i. Let g(r) = m + 2*r + 6*r - 1. What is g(-1)?
-8
Let d(i) = -3*i. Let b be ((-8)/14)/((2/7)/(-1)). What is d(b)?
-6
Let v(m) be the second derivative of m**4/12 + 7*m**3/6 - 3*m**2 - 118*m + 1. Give v(-6).
-12
Let z(y) = 32*y + 2. Let v(s) = s**3 + 6*s**2 - 7*s - 1. Let f be v(-7). Determine z(f).
-30
Let o(f) = 2*f + 3. Let w = 1027 + -1036. What is o(w)?
-15
Suppose -24*i + 35*i - 2068 = 0. Let k = 186 - i. Let b(h) = 4*h + 2 + 1 + 4*h**2 - 2*h**2. Determine b(k).
3
Let p = -14 - -22. Let f(j) be the first derivative of -17*j - 1 + p*j + 3*j**2 + 6*j. Give f(3).
15
Let m(b) be the second derivative of b**3/6 - 14*b**2 - 15*b - 4. Calculate m(16).
-12
Let k(m) be the third derivative of -m**8/20160 + m**7/1260 + m**6/240 - 23*m**5/60 + 14*m**2. Let d(g) be the third derivative of k(g). Give d(5).
-2
Let g(i) = i**3 + 16*i**2 - 15*i + 38. Let j = 348 + -365. Determine g(j).
4
Let h(m) = 2*m**2 - 3*m**2 + 0*m**2 - 3*m + 8*m + 7. Suppose -7*g + 6*g = -6. Determine h(g).
1
Let d be 24*(52/12 + -4*1). Let s(a) = d*a - a**2 + a - 6*a - 1 - 4*a. Determine s(-2).
-3
Let c(j) = 0*j**2 - 2 - 2 - 4*j**2 - j**3. Let t(f) = -4*f**3 - 6*f**2 + 4*f - 1. Let i be t(-3). Let m = i + -44. Give c(m).
-13
Let m(l) be the second derivative of 0 + 5/6*l**3 - 3/2*l**2 - 1/12*l**4 + 2*l. Suppose 10*r - 28 = 22. Give m(r).
-3
Let r(v) = -v**3 - 4*v**2 + 2*v + 1. Let m = -547 + 543. What is r(m)?
-7
Let z(i) = 0 + 1657*i + 9 - 1658*i. Give z(11).
-2
Let b(v) = 6*v**2 - 22*v - 5. Let q = 1120 + -1116. What is b(q)?
3
Suppose 2*j + 21 = -43. Let y = 32 + j. Let n(p) = p**2 + p + 2. Give n(y).
2
Let d(v) = -5*v + 39. Suppose -3*u = -24 - 0. Let k be d(u). Let l(j) = -9*j**2 - j - 1. Determine l(k).
-9
Let l(j) = -159 - 160 + 6*j + 314. Calculate l(5).
25
Let v = 98 - 100. Let i(q) = -q**3 + q + 1. Let s(n) = -3*n**3 - 5*n**2 + 5*n - 4. Let y(d) = v*i(d) + s(d). Calculate y(-6).
12
Let w(z) = z**2 - 19*z + 3. Let o(m) = -4*m**2 + 59*m - 9. Let p(y) = -2*o(y) - 7*w(y). What is p(-15)?
-3
Let l(a) = -a**2 + 11*a - 23. Let p(y) = y**3 - 16*y**2 + 13*y + 37. Let f be p(15). Let n be l(f). Let h(i) = -i**3 + 4*i**2 + 5*i + 3. Give h(n).
3
Let s = 265 + -263. Let p(c) = 2*c + 3*c**3 + s - 3*c**2 - c - 5*c - 2*c**3. Let z(j) = 4*j**2 - 2*j + 1. Let x be z(1). Give p(x).
-10
Let b be 8*(1 + (-6)/4). Let s(j) be the third derivative of -j**5/60 - j**4/4 + 16*j**2 + 13. Determine s(b).
8
Let x(n) = n**3 - 5*n**2 + 5*n. Let b be (1 + -1)/(4/(-4)). Suppose b*k - 2*a = -4*k - 124, -177 = 5*k + 3*a. Let c be 6*(k/(-9) + -3). Calculate x(c).
